
Let k(x) = -51*x - 48. Give k(-1).
3
Let l(n) = n**3 - 2*n**2 - 20*n - 3. Give l(6).
21
Let h(v) = 5*v**2 - 22*v - 4. Determine h(5).
11
Let d(n) = 16*n + 87. Calculate d(-5).
7
Let f(c) = c**3 + 10*c**2 + 8*c + 8. Give f(-9).
17
Let s(y) = 2*y**2 - 21*y - 29. What is s(16)?
147
Let r(a) = 41*a + 1. Calculate r(-1).
-40
Let a(v) = v**2 - 21*v - 29. Give a(20).
-49
Let j(n) = 18*n - 3. What is j(-2)?
-39
Let c(k) = -k - 4. Determine c(-19).
15
Let s(o) = -o**2 + o - 28. Calculate s(0).
-28
Let p(v) = -3*v**3 + 3*v**2 - 5*v + 1. Determine p(2).
-21
Let t(d) = 126*d + 1006. Give t(-8).
-2
Let j(u) = -5*u**3 + 5*u**2 - 3*u + 3. What is j(3)?
-96
Let s(j) = 76*j + 73. Determine s(-1).
-3
Let a(t) = -48*t - 105. Calculate a(-2).
-9
Let d(s) = 65*s**2 + s + 2. Give d(-1).
66
Let u(a) = -a - 19. Calculate u(-10).
-9
Let c(s) = -10*s - 61. Calculate c(-7).
9
Let s(v) = -v**3 + 9*v**2 - 6*v + 7. Calculate s(9).
-47
Let d(y) = -7*y**3 - y + 1. Give d(1).
-7
Let m(d) = 2*d**3 + 4*d**2 - 11*d + 8. Calculate m(3).
65
Let q(o) = -3*o**2 + 5*o + 6. Calculate q(-5).
-94
Let q(d) = d**3 - 8*d**2 - 5. What is q(8)?
-5
Let q(p) = -11*p + 1. Give q(-1).
12
Let t(u) = -u**3 + 8*u**2 + 3*u + 10. Give t(8).
34
Let q(i) = -i**3 + 5*i**2 - 4*i. What is q(5)?
-20
Let i(p) = 25*p + 4. Give i(-1).
-21
Let p(y) = y**3 + 9*y**2 + 3*y + 18. Calculate p(-9).
-9
Let t(a) = 2*a - 16. Give t(8).
0
Let y(h) = h - 19. Give y(22).
3
Let k(d) = -2*d + 46. Determine k(0).
46
Let b(f) = f**3 + f - 2. Determine b(-3).
-32
Let p(x) = -9*x - 100. Calculate p(-11).
-1
Let a(b) = b - 2. Determine a(6).
4
Let f(r) = -r**2 + 22*r - 13. Determine f(21).
8
Let h(n) = -n**3 + 7*n**2 - n + 3. Calculate h(7).
-4
Let u(z) = 2*z**2 + 19*z + 26. Calculate u(-7).
-9
Let r(v) = 2*v**2 + 6*v - 174. Determine r(-11).
2
Let x(a) = -27*a**2 - 79*a - 1. Determine x(-3).
-7
Let k(z) = -z**3 + 3*z**2 + z + 1. Determine k(3).
4
Let d(p) = -p**3 + 8*p**2 - 9*p - 19. What is d(6)?
-1
Let m(x) = -x + 66. Determine m(9).
57
Let w(j) = -j. Calculate w(-7).
7
Let v(k) = -k**3 - 9*k**2 - 6*k - 17. Determine v(-9).
37
Let l(n) = -n**2 - 8*n + 3. Give l(-3).
18
Let l(a) = a + 62. What is l(25)?
87
Let p(y) = 2*y**2 - y - 2. What is p(-2)?
8
Let m(i) = i**3 + 5*i**2 - 3*i. Give m(-4).
28
Let q(n) = -2*n**2 - 7*n + 14. Calculate q(0).
14
Let l(x) = x**2 + 4*x - 8. What is l(-6)?
4
Let f(g) = g**3 + 4*g**2 - 5*g. What is f(-6)?
-42
Let i(y) = y**3 - y**2 - 5*y + 12. Determine i(2).
6
Let p(x) = x**3 + 14*x**2 + 13*x - 5. Give p(-13).
-5
Let f(i) = -i**3 + 4*i**2 + i - 7. Give f(3).
5
Let w(o) = -o**3 + 18*o**2 + 9*o - 153. Calculate w(18).
9
Let c(l) = l**3 - 17*l**2 + 69*l - 17. Give c(6).
1
Let o(v) = -4*v**2 - 27*v - 48. Calculate o(-5).
-13
Let k(x) = -x**2 + x + 7. Calculate k(0).
7
Let q(a) = a - 10. Give q(-2).
-12
Let u(x) = 2*x**2 + 7*x - 9. Determine u(5).
76
Let g(b) = 26*b - 56. Determine g(2).
-4
Let y(r) = -19*r**3 + 2*r**2 - r - 2. Give y(1).
-20
Let p(i) = -i**3 + 12*i**2 - 12*i + 6. Give p(11).
-5
Let w(a) = -a**3 - 2*a**2 + 10*a + 5. What is w(-4)?
-3
Let j(h) = -h**2 - h. What is j(-1)?
0
Let k(l) = -l**2 + 15*l - 28. What is k(12)?
8
Let b(v) = -v**2 - 6*v + 19. What is b(-9)?
-8
Let r(w) = 28*w - 626. What is r(22)?
-10
Let p(f) = -f - 6. Determine p(-15).
9
Let i(a) = -a + 8. Determine i(3).
5
Let i(t) = 14*t**2 - 51*t + 4. Give i(4).
24
Let l(f) = -f**3 - f**2 - 2*f + 1. Determine l(2).
-15
Let r(m) = 6*m**2 - 14*m - 12. Calculate r(5).
68
Let l(j) = j**3 - 6*j**2 + 5. What is l(6)?
5
Let s(r) = -12*r**2 + 35*r - 7. Give s(3).
-10
Let r(y) = y - 37. Calculate r(9).
-28
Let p(d) = d**3 + 3*d**2 - d - 1. Give p(-2).
5
Let w(u) = -23*u - 1. Calculate w(0).
-1
Let o(s) = -33*s - 225. Give o(-7).
6
Let z(v) = 3*v - 48. Give z(16).
0
Let h(o) = -8*o - 7. Calculate h(3).
-31
Let n(b) = 6*b**2 - 126*b - 4. Give n(21).
-4
Let r(l) = -2*l - 7. Calculate r(10).
-27
Let j(z) = z**3 - 11*z**2 + 11*z - 2. What is j(10)?
8
Let p(r) = 3*r - 72. Give p(19).
-15
Let o(i) = -81*i**3 + 3*i + 2. Calculate o(-1).
80
Let b(q) = 3*q + 9. Determine b(-6).
-9
Let z(n) = n**3 + 14*n**2 + 21*n + 17. Determine z(-12).
53
Let m(y) = 2*y**2 - 8*y - 16. Calculate m(-3).
26
Let i(j) = -2*j - 16. Give i(-16).
16
Let b(c) = c**3 + c**2 + c - 2. Determine b(1).
1
Let s(b) = 23*b + 19. What is s(-1)?
-4
Let i(u) = 11*u + 5. What is i(-3)?
-28
Let t(x) = 14*x + 208. Give t(-14).
12
Let v(h) = -h**3 + 21*h**2 + 18*h + 25. Determine v(22).
-63
Let u(p) = -p**3 - 4*p**2 - 3*p - 5. What is u(-3)?
-5
Let h(v) = -2*v**3 + 27*v**2 + 13*v + 22. Give h(14).
8
Let s(v) = -v**2 + 25*v - 92. Calculate s(20).
8
Let l(u) = 8*u**2 - 7*u - 3. Determine l(-1).
12
Let f(g) = 2*g - 5. Calculate f(4).
3
Let m(t) = -t**3 - 5*t**2 + 7*t + 40. Give m(-3).
1
Let j(n) = 10*n + 5. What is j(-2)?
-15
Let w(d) = 10*d - 37. Give w(11).
73
Let h(t) = 5*t + 22. What is h(-3)?
7
Let b(p) = 2*p**2 + 3*p + 4. Determine b(-5).
39
Let d(y) = y**3 + 8*y**2 + 6*y - 4. Determine d(-7).
3
Let t(g) = -24*g - 1. Calculate t(-3).
71
Let d(g) = -g**3 - 8*g**2 - 7*g + 2. What is d(-7)?
2
Let h(d) = 2*d**2 - 4. What is h(2)?
4
Let z(m) = 41*m + 167. Give z(-4).
3
Let x(v) = -v**2 + 6*v - 13. Determine x(4).
-5
Let t(b) = -b**3 - 7*b**2 - 5*b - 4. What is t(-6)?
-10
Let r(o) = -o**3 + 10*o**2 - 9*o + 6. Determine r(9).
6
Let p(m) = m**3 + 5*m**2 + 16*m + 6. Give p(-5).
-74
Let k(c) = -2*c**2 + 52*c - 322. What is k(16)?
-2
Let n(g) = -g**3 + 10*g**2 + 10*g + 26. Calculate n(11).
15
Let y(r) = r**2 + 11*r - 14. Give y(-12).
-2
Let f(p) = 2*p - 5. Give f(4).
3
Let y(l) = 15*l - 103. Calculate y(7).
2
Let u(c) = -c**2 + 12*c + 11. Give u(12).
11
Let d(z) = 3*z**2 - 3*z + 1. Give d(3).
19
Let g(d) = -5*d - 38. What is g(-6)?
-8
Let l(q) = q**2 + q + 11. Calculate l(-6).
41
Let b(z) = -2*z + 14. Give b(9).
-4
Let m(p) = -2*p - 2. Calculate m(-3).
4
Let o(w) = -2*w**2 + 54*w - 61. Give o(26).
-9
Let h(c) = -c**3 + 17*c**2 + 7*c + 7. Give h(17).
126
Let n(b) = -b**3 + 8*b**2 - 9*b + 17. Give n(7).
3
Let g(a) = -a**3 + 48*a + 22. Determine g(7).
15
Let b(f) = f**2 - 47*f + 34. Determine b(46).
-12
Let p(v) = v**2 + 20*v + 50. Determine p(-4).
-14
Let l(n) = n**3 - 16*n**2 - 8*n - 7. Determine l(17).
146
Let n(w) = -w**3 - 6*w**2 - 8*w - 21. Calculate n(-5).
-6
Let t(s) = 11*s**2 - 2*s + 2. Determine t(1).
11
Let h(n) = 2*n - 22. What is h(7)?
-8
Let p(t) = -99*t + 400. Give p(4).
4
Let x(v) = 2*v**2 + v + 2. Determine x(-1).
3
Let j(g) = g**3 + 5*g**2 - g + 7. Determine j(-5).
12
Let v(s) = -s**2 - 13*s - 8. Determine v(-6).
34
Let f(z) = 8*z + 108. Give f(-13).
4
Let t(w) = -2*w + 18. Calculate t(-6).
30
Let l(h) = -4*h - 21. Determine l(0).
-21
Let n(u) = 2*u**2 + u + 2. Calculate n(-1).
3
Let k(s) = -s**3 - 11*s**2 - 23*s + 18. What is k(-8)?
10
Let w(m) = -93*m + 7. What is w(1)?
-86
Let g(a) = -a**3 + 10*a**2 - 11*a + 9. Determine g(9).
-9
Let b(m) = -6*m**3 + 3*m**2 - 2*m + 2. Determine b(2).
-38
Let f(c) = 21*c**3 + c**2 + 25*c - 25. Determine f(1).
22
Let y(b) = -b**3 + 12*b**2 + 12*b + 11. Give y(13).
-2
Let x(d) = -3*d**2 + 3*d + 5. Calculate x(4).
-31
Let d(r) = -2*r + 5. Calculate d(-2).
9
Let t(b) = -b**3 - 4*b**2 - b + 3. Give t(-4).
7
Let d(n) = n**3 - 4*n**2 - 2*n + 1. Give d(5).
16
Let r(o) = 6*o + 86. Give r(-12).
14
Let g(h) = h**2 + h - 9. Calculate g(0).
-9
Let q(r) = r**3 - 5*r**2 - 4*r - 4. Give q(6).
8
Let j(g) = 9*g - 74. Determine j(8).
-2
Let s(l) = l**2 + l + 10. Determine s(0).
10
Let m(b) = -8*b - 8. Calculate m(-7).
48
Let i(k) = 2*k**3 + 5*k**2 + 2*k - 4. What is i(-3)?
-19
Let n(a) = -a**3 - 4*a**2 - 3*a - 1. Determine n(-2).
-3
Let f(x) = -x**3 + 5*x**2 + 3*x - 4. Determine f(5).
11
Let o(t) = -t**3 - 29*t**2 + 34*t + 83. What is o(-30)?
-37
Let c(b) = 39*b - 282. Give c(7).
-9
Let g(l) = 14*l + 80. What is g(-5)?
10
Let q(y) = -y**2 + 5*y - 5. What is q(5)?
-5
Let s(v) = -5*v + 113. Calculate s(22).
3
Let s(t) = -t - 10. Determine s(17).
-27
Let n(a) = -4*a**2 + 2*a + 3. What is n(-2)?
-17
Let g(b) = -b**3 - 12*b**2 - 22*b - 15. What is g(-10)?
5
Let q(j) = 42*j**3 - 2*j**2 + 4*j - 2. Determine q(1).
42
Let o(y) = -3*y**3 - 2*y**2 + 4*y + 2. Determine o(-2).
10
Let q(i) = -4*i - 85. Calculate q(-21).
-1
Let x(t) = t**3 - 13*t - 1. Calculate x(4).
11